?
7
Suppose -1 = -g + 19. Calculate the highest common divisor of 60 and g.
20
Let a(h) be the second derivative of -3*h**3 - h**2/2 - 3*h. Let r be a(-8). What is the greatest common factor of r and 13?
13
Let p = 9 + -3. Suppose -p*w = -2*w. Suppose w*s - 24 = -2*s. Calculate the greatest common factor of 18 and s.
6
Let n(o) = -4*o - 9. Let i be (-69)/(-2)*2/3. Suppose 0 = -5*w - 12 - i. Let h be n(w). Calculate the greatest common factor of 19 and h.
19
Let a = 65 + -56. What is the highest common divisor of a and 81?
9
Let h be 14/8*1768/13. What is the highest common divisor of h and 34?
34
Let h = -2 + 5. Let g be (-17)/(-6) + h/18. Suppose -37 = -g*v + 2*v + 4*l, 5*v - 235 = -5*l. Calculate the highest common divisor of 18 and v.
9
Suppose -4*g + o - 32 = -835, 0 = 3*g - 4*o - 612. What is the greatest common factor of g and 25?
25
Let s = 51 - 32. What is the highest common divisor of 152 and s?
19
Suppose 6*x - 2*x - 12 = 0. Let v be 32/3 + 1/x. Calculate the greatest common factor of v and 99.
11
Let c be 870/(-20) + 1/2. Let v = -31 - c. What is the highest common divisor of v and 48?
12
Let z be (4/(-12))/((-1)/6). Suppose z + 22 = 2*h. Let f(n) = -n**2 - 17*n - 10. Let t be f(-10). Calculate the highest common factor of h and t.
12
Suppose 0 = -0*r + 5*r + 2*k - 26, -2*r - 2*k + 8 = 0. Calculate the highest common divisor of r and 48.
6
Let g(i) = -i**2 + 6*i + 7. Let a be g(7). Let x be (-144)/(a - 3) - -2. Calculate the greatest common factor of x and 25.
25
Let t be ((-6)/12)/(2/16). Let y be 4*4*(-1)/t. What is the highest common divisor of 20 and y?
4
Suppose 4*k - 123 + 19 = 0. Let i(s) = -s**2 - 9*s - 6. Let n be i(-6). Let a = k - n. What is the highest common divisor of a and 21?
7
Suppose -74 = -7*z + 6*z. Let h = -10 + z. Let g be (4 - (-2 - -4)) + 14. What is the highest common divisor of g and h?
16
Let o(z) = z**3 + 15*z**2 + 14*z + 11. Let c be o(-14). What is the greatest common divisor of c and 143?
11
Suppose 0 = -2*o - 11 - 7. Let d = 39 + o. Calculate the greatest common factor of 6 and d.
6
Suppose 6 = -3*s, 3*s - 15 = 2*d - 123. Calculate the highest common divisor of d and 34.
17
Suppose -28 = 2*a + 4*o - 0, a = 5*o - 35. Let k(n) = -29*n**3 - 2*n**2 - n. Let b be k(-1). Let h = a + b. Calculate the highest common divisor of h and 4.
4
Suppose u + 0 = 1. Let v be (11 + -5)*(u - 0). What is the greatest common divisor of v and 36?
6
Let g(h) = -h**3 - 2*h**2 - 4. Let i be 3/(9/(-15)) + 2. Let z be g(i). Let f be (-1)/(-2) - (-87)/6. What is the highest common divisor of f and z?
5
Suppose 0*c - 5*c = h - 223, 5*h = -4*c + 170. Suppose -c = 2*i - 7*i. What is the greatest common divisor of 36 and i?
9
Let y(l) = 41*l**2 - 1. Let n be y(1). What is the greatest common divisor of n and 5?
5
Let s(i) = 2*i**3 + 5*i**2 + 3. Let y be s(-4). Let g = y - -64. Let p(v) = -5*v + 4. Let r be p(-3). Calculate the highest common factor of r and g.
19
Let w be (-114)/27 + 4 + 362/9. What is the greatest common factor of 16 and w?
8
Suppose 0 = -5*j + j + 8. Let l = 6 + -3. Let s be (l - j)/(3/15). What is the greatest common factor of s and 5?
5
Let u = 69 - 48. Let n(a) = a**3 - 5*a**2 + 5*a + 10. Let b be n(4). What is the greatest common factor of u and b?
7
Suppose 0 = 3*q - 0*q - 9. Suppose 0 = q*u - 3, -2*d - 3*u - 60 = -149. Let n = d - 31. What is the highest common factor of 3 and n?
3
Suppose -77 = -4*m + 51. Suppose -k + 4 = 0, -k = r - 0*k - m. Suppose 0 = c - 9 - 5. Calculate the highest common divisor of c and r.
14
Let y = -43 + 59. What is the highest common divisor of y and 80?
16
Let g be -6*(-1 - 21 - 2). Suppose -2 = 4*k + 2. Let m be k/((-105)/(-54) + -2). Calculate the highest common factor of m and g.
18
Let s(p) = -8*p. Let m be s(-1). Suppose -d = -0*d - m. Calculate the greatest common divisor of d and 16.
8
Suppose 110 = -n + 6*n. Calculate the highest common divisor of 176 and n.
22
Suppose n = 5*j + 20, 3*n + j - 44 = -0*j. Calculate the greatest common divisor of 3 and n.
3
Let u = 86 - 53. Let z be (1 + 0)*(3 - -19). Calculate the highest common factor of z and u.
11
Let u = -126 + 140. Calculate the greatest common divisor of 14 and u.
14
Suppose 2*m = 3*m - 7. Suppose -i - 9 = 3*k - m*k, -5*i = -k - 12. Let y be 1/(2 + (-82)/42). Calculate the highest common factor of k and y.
3
Suppose -5*w + j = -107, 80 = 2*w + 2*w + 2*j. Calculate the greatest common factor of 7 and w.
7
Suppose 30 = 5*i - 0*i. What is the highest common factor of 12 and i?
6
Let q(t) = t + 12. Let b be q(-5). What is the greatest common factor of b and 14?
7
Let s = -13 - -18. Let t(i) = -4*i + i - s*i. Let n be t(-4). What is the highest common factor of n and 4?
4
Let z = -23 + 50. Let r be (-11)/(-9) + (-6)/z. Let v be (-12)/(-9)*21*r. Calculate the highest common divisor of v and 4.
4
Suppose z + 4*o = 14, 3*z - 3*o + o = 84. Suppose z = q - 78. What is the highest common divisor of q and 13?
13
Let s(t) = 3*t - 15. Let h be s(10). Suppose 63 - h = 3*d. Calculate the highest common divisor of 32 and d.
16
Let o(j) = -j + 6. Let a be o(-6). Suppose 4*h - 3*y = 44, 3*y + 2*y - a = -4*h. Let m be (256/448)/(1/14). Calculate the highest common factor of m and h.
8
Suppose -3*t = -2*t - 9. What is the highest common factor of t and 18?
9
Let g(p) = -41*p - 1. Suppose k - 2 = -5*u + 2, 0 = 5*k - 5*u - 20. Suppose 3*m - 1 = k*m. Let a be g(m). What is the greatest common factor of 4 and a?
4
Let n be (-1 + (-51)/12)/(12/(-32)). Let h be 84*(2/(-4) - -1). What is the greatest common divisor of n and h?
14
Let n = -28 + 96. Suppose -5*k - 3*t + 69 = -4*k, 0 = -k - 4*t + n. Calculate the greatest common factor of k and 9.
9
Let u(r) be the second derivative of r**4/12 - 5*r**3/6 + r**2 + 3*r. Let o be u(5). Suppose -4 = o*a - 20. What is the greatest common divisor of 12 and a?
4
Let g = -275 + 425. Suppose 3*s - s = g. Suppose s = 4*f + f. Calculate the highest common divisor of 120 and f.
15
Let m(h) be the second derivative of -4*h**3/3 + 5*h**2 + 4*h. Let y be m(-7). What is the greatest common factor of y and 6?
6
Let y be -3*(-1 + 2) + 5. Suppose 2*t + y*h - 20 = 0, t + 2*t - h - 38 = 0. What is the highest common factor of t and 4?
4
Suppose -4*j + 3*j = -80. Suppose 3*s - 8 = 2*y + 14, 8 = 2*y. Calculate the highest common divisor of s and j.
10
Let u(t) = t**2 + 10*t + 18. Let d be u(-9). Let o = -9 + 18. What is the greatest common divisor of d and o?
9
Suppose -2*m + 11 = 5*b, 17 = 5*b + 2*m - 3*m. Calculate the greatest common factor of b and 27.
3
Let h = 14 - 4. Let z be (-4)/(-1*(-2)/(-15)). What is the greatest common factor of z and h?
10
Let y(f) be the first derivative of f**4/4 + 2*f**3 - 4*f**2 - 4*f - 1. Let t be y(-7). Suppose -r + 128 = t*r. Calculate the highest common factor of r and 4.
4
Suppose 14 = -3*g + 2*m - 1, -6 = 4*g + 2*m. Let n be 2/3 + (-10)/g. Let z = -41 - -77. Calculate the greatest common factor of z and n.
4
Let m = -18 + 202. Calculate the highest common divisor of m and 23.
23
Let n(q) = q**3 + 5*q**2 + 4*q + 2. Let w be n(-4). Let v be (-1)/(-2) - 105/(-6). What is the highest common divisor of v and w?
2
Let o(m) = m**3 - 3*m**2 - 4*m - 4. Suppose 0 = -5*h + 8*h - 18. Let a be o(h). Calculate the greatest common divisor of 10 and a.
10
Let j be (-8)/(-20)*(6 - 1). Suppose 30 = 3*b + j*b. What is the greatest common factor of 6 and b?
6
Suppose -45 = -f - 28. What is the highest common factor of 17 and f?
17
Let a be 0/2*-1 + 25. Suppose v + a = 2*v. Calculate the highest common factor of 275 and v.
25
Suppose 5*i + 94 = 3*o, 0*i - 2*o - 44 = 2*i. Let y be (-472)/i + (-4)/(-10). Calculate the highest common factor of y and 8.
8
Let b be 5/(-25) - (-3)/(-15)*-11. Calculate the greatest common factor of b and 34.
2
Let c be (1/2)/(17/816). Calculate the greatest common divisor of c and 6.
6
Let m(r) = -r**3 + 4*r**2 + 4. Let x be m(4). Let f = -33 - -45. What is the greatest common factor of f and x?
4
Suppose 0 = 4*h + b - 154, -10 = -0*b - 5*b. What is the greatest common factor of h and 418?
38
Let w = -93 - -157. Suppose -132 = -2*v - h + 3*h, -w = -v - h. What is the greatest common factor of 13 and v?
13
Suppose -q - q + 36 = 0. Suppose 0 = 5*b - 36 - 54. What is the gr